 166217999 is divided by 312.
311
What is the remainder when 274763 is divided by 247?
99
What is the remainder when 28655427 is divided by 1365?
1347
Calculate the remainder when 13799 is divided by 1857.
800
What is the remainder when 25102 is divided by 3042?
766
What is the remainder when 58830 is divided by 29370?
90
What is the remainder when 139093 is divided by 23180?
13
What is the remainder when 21207 is divided by 20408?
799
Calculate the remainder when 31630394 is divided by 28.
26
Calculate the remainder when 640294 is divided by 320105.
84
What is the remainder when 9449045 is divided by 28?
25
Calculate the remainder when 51591 is divided by 9987.
1656
What is the remainder when 36716 is divided by 4730?
3606
What is the remainder when 1772514 is divided by 20?
14
What is the remainder when 15680009 is divided by 6272?
9
What is the remainder when 26155 is divided by 137?
125
What is the remainder when 3589985 is divided by 209?
201
What is the remainder when 100019 is divided by 1371?
1307
Calculate the remainder when 25601 is divided by 5592.
3233
Calculate the remainder when 2850722 is divided by 114025.
97
Calculate the remainder when 10079832 is divided by 1625.
1582
Calculate the remainder when 705864 is divided by 26141.
57
What is the remainder when 7450989 is divided by 83?
79
What is the remainder when 156711207 is divided by 15?
12
What is the remainder when 140699 is divided by 8?
3
Calculate the remainder when 23665492 is divided by 7888492.
16
Calculate the remainder when 782431 is divided by 111773.
20
What is the remainder when 4339821 is divided by 236?
17
What is the remainder when 179756 is divided by 17959?
166
What is the remainder when 26753278 is divided by 13376580?
118
Calculate the remainder when 34696 is divided by 6320.
3096
What is the remainder when 5697626 is divided by 174?
170
What is the remainder when 1244747 is divided by 5020?
4807
Calculate the remainder when 273207236 is divided by 2010.
2006
What is the remainder when 1214739 is divided by 148?
103
Calculate the remainder when 359482 is divided by 18920.
2
Calculate the remainder when 17804548 is divided by 47.
8
What is the remainder when 155104015 is divided by 2373?
2362
Calculate the remainder when 3530727 is divided by 19.
14
What is the remainder when 132780806 is divided by 16472?
14
Calculate the remainder when 43475 is divided by 247.
3
Calculate the remainder when 6709056 is divided by 745412.
348
Calculate the remainder when 25470023 is divided by 38.
29
What is the remainder when 7577518 is divided by 937?
936
Calculate the remainder when 238495 is divided by 119146.
203
Calculate the remainder when 4892384 is divided by 17.
5
What is the remainder when 5060813 is divided by 363?
230
What is the remainder when 20145 is divided by 8449?
3247
Calculate the remainder when 7404954 is divided by 1067.
1041
Calculate the remainder when 300830 is divided by 298.
148
Calculate the remainder when 2139886 is divided by 713268.
82
What is the remainder when 16620 is divided by 148?
44
What is the remainder when 7185798 is divided by 937?
882
Calculate the remainder when 266642 is divided by 1677.
1676
Calculate the remainder when 52683 is divided by 100.
83
What is the remainder when 1024661 is divided by 49?
22
What is the remainder when 635614694 is divided by 217?
211
What is the remainder when 697906466 is divided by 28?
26
What is the remainder when 94851044 is divided by 57836?
4
What is the remainder when 48346 is divided by 9494?
876
What is the remainder when 4716870 is divided by 309?
294
Calculate the remainder when 228330 is divided by 1039.
789
What is the remainder when 544818 is divided by 187?
87
Calculate the remainder when 2700451 is divided by 649.
611
What is the remainder when 3754895 is divided by 2697?
671
Calculate the remainder when 109363 is divided by 239.
140
Calculate the remainder when 2711786 is divided by 1355871.
44
What is the remainder when 6854738 is divided by 6780?
158
What is the remainder when 20388964 is divided by 291?
49
What is the remainder when 932383 is divided by 126?
109
What is the remainder when 2806777 is divided by 533?
532
Calculate the remainder when 632409216 is divided by 4057.
4056
What is the remainder when 8984796 is divided by 998299?
105
What is the remainder when 971123 is divided by 398?
3
What is the remainder when 104464201 is divided by 414?
409
What is the remainder when 336666 is divided by 167817?
1032
What is the remainder when 839794013 is divided by 5795?
5793
Calculate the remainder when 277601925 is divided by 571.
568
What is the remainder when 7963925 is divided by 144?
5
What is the remainder when 24680 is divided by 12199?
282
Calculate the remainder when 371663 is divided by 10558.
2133
Calculate the remainder when 285371 is divided by 18.
17
Calculate the remainder when 17064997 is divided by 461216.
5
What is the remainder when 132281 is divided by 1043?
863
Calculate the remainder when 68701278 is divided by 1353.
1350
What is the remainder when 46079594 is divided by 15684?
2
What is the remainder when 322439723 is divided by 4316?
4311
What is the remainder when 757979 is divided by 308?
299
What is the remainder when 31825817 is divided by 65?
62
Calculate the remainder when 5530013 is divided by 921564.
629
Calculate the remainder when 3977930 is divided by 32.
10
Calculate the remainder when 332382 is divided by 3613.
3599
Calculate the remainder when 72536 is divided by 71664.
872
Calculate the remainder when 34027230 is divided by 614.
578
Calculate the remainder when 1414684 is divided by 64301.
62
What is the remainder when 49672 is divided by 129?
7
What is the remainder when 12645668 is divided by 132?
68
What is the remainder when 6660123 is divided by 12?
3
What is the remainder when 189483898 is divided by 15?
13
Calculate the remainder when 18664060 is divided by 236.
0
Calculate the remainder when 12052961 is divided by 28.
25
Calculate the remainder when 2242522 is divided by 6.
4
Calculate the remainder when 9089188 is divided by 2630.
2538
What is the remainder when 29038857 is divided by 14519405?
47
What is the remainder when 66110 is divided by 32865?
380
Calculate the remainder when 97546 is divided by 97501.
45
What is the remainder when 35717802 is divided by 97?
74
What is the remainder when 3675042 is divided by 1224991?
69
Calculate the remainder when 142152 is divided by 95.
32
Calculate the remainder when 52128 is divided by 2250.
378
What is the remainder when 1043838 is divided by 7968?
30
Calculate the remainder when 3744236 is divided by 6282.
164
What is the remainder when 350322355 is divided by 458?
445
What is the remainder when 5899133 is divided by 143881?
12
What is the remainder when 545477280 is divided by 7089?
7086
What is the remainder when 40824826 is divided by 165?
31
Calculate the remainder when 145049 is divided by 27225.
8924
What is the remainder when 10504466 is divided by 87?
86
What is the remainder when 3277150 is divided by 215?
120
What is the remainder when 605653 is divided by 201880?
13
Calculate the remainder when 157397 is divided by 52432.
101
Calculate the remainder when 367297 is divided by 31.
9
What is the remainder when 24709 is divided by 5195?
3929
Calculate the remainder when 56573 is divided by 56570.
3
What is the remainder when 806528 is divided by 312?
8
Calculate the remainder when 1693832 is divided by 1899.
1823
Calculate the remainder when 376326 is divided by 613.
557
What is the remainder when 1829618 is divided by 304811?
752
What is the remainder when 383296 is divided by 38327?
26
What is the remainder when 1403397 is divided by 53935?
1087
Calculate the remainder when 237182 is divided by 7402.
318
What is the remainder when 5719730 is divided by 486?
482
What is the remainder when 401985 is divided by 163?
27
What is the remainder when 45535606 is divided by 29879?
10
What is the remainder when 363531 is divided by 179224?
5083
Calculate the remainder when 14567 is divided by 836.
355
Calculate the remainder when 903804 is divided by 456.
12
What is the remainder when 1250411 is divided by 1250410?
1
What is the remainder when 2332187 is divided by 33?
11
Calculate 